78. Give x(-10).
12
Let z(m) = -47*m - 214. What is z(-7)?
115
Let n(z) = -71*z + 6744. Calculate n(95).
-1
Let v(m) = -3*m**2 + 61*m - 7. What is v(20)?
13
Let w(p) = -87*p**2 + 20*p + 22. Calculate w(-1).
-85
Let r(a) = 327*a - 32696. What is r(100)?
4
Let g(v) = v**2 + 73*v + 407. Give g(-6).
5
Let c(z) = 301*z + 10541. What is c(-35)?
6
Let n(f) = -291*f + 4123. Give n(14).
49
Let p(y) = -2*y**2 + y + 32. What is p(4)?
4
Let d(c) = c**2 - 98*c + 542. Determine d(6).
-10
Let d(t) = -55*t - 5422. Give d(-99).
23
Let h(g) = -8*g + 79. Calculate h(-6).
127
Let k(l) = -2*l**2 + 93*l - 1030. Give k(18).
-4
Let z(s) = 239*s - 1428. Calculate z(6).
6
Let j(f) = -502*f + 2048. Give j(4).
40
Let i(h) = -11*h + 7. What is i(1)?
-4
Let o(m) = -6*m - 219. What is o(-10)?
-159
Let s(p) = p**3 + 60*p**2 + 373*p + 99. Give s(-53).
-7
Let n(i) = 2*i**2 - 21*i + 49. What is n(4)?
-3
Let y(x) = -267*x - 4254. Determine y(-16).
18
Let r(q) = 4075*q - 122255. What is r(30)?
-5
Let v(a) = 2*a**3 + 12*a**2 + 6*a - 8. What is v(-1)?
-4
Let m(h) = -3*h**2 - 594*h - 594. Determine m(-1).
-3
Let a(k) = -k**3 - 50*k**2 - 311*k - 418. What is a(-43)?
12
Let c(w) = 3172*w - 22216. What is c(7)?
-12
Let t(q) = -312*q - 32. What is t(-3)?
904
Let m(f) = -2*f**2 - 76*f + 955. Determine m(-48).
-5
Let m(t) = t**3 - 115*t + 67. Give m(-11).
1
Let g(a) = -1064*a + 137249. Determine g(129).
-7
Let b(d) = d**3 - 5*d**2 - 21*d + 5. What is b(-4)?
-55
Let i(k) = k**2 + 15*k - 224. Determine i(-24).
-8
Let d(m) = -2*m**2 - m - 53. What is d(-4)?
-81
Let u(f) = -f**2 - 7*f + 12. Give u(4).
-32
Let f(c) = c**3 + 45*c**2 + 66*c + 5161. Determine f(-46).
9
Let x(r) = 108*r - 1098. Give x(11).
90
Let k(l) = l**3 + 32*l**2 + 153*l + 3774. What is k(-31)?
-8
Let u(o) = -25*o + 1181. What is u(47)?
6
Let j(m) = 107*m**2 - 325*m + 17. Determine j(3).
5
Let x(t) = 114*t**2 + 2. Determine x(1).
116
Let x(a) = 2*a**2 - 13*a + 70. What is x(-17)?
869
Let q(n) = 2*n**2 - 50*n + 15. Give q(20).
-185
Let p(a) = -a**3 - 9*a**2 + 12*a + 21. Calculate p(-10).
1
Let m(k) = -3*k**2 - 26*k + 192. What is m(9)?
-285
Let c(r) = -r**2 - 97*r - 1383. Calculate c(-17).
-23
Let m(v) = -41*v - 342. Determine m(-10).
68
Let m(h) = 9*h - 308. What is m(37)?
25
Let j(r) = -82*r + 518. Give j(6).
26
Let z(v) = -208*v + 1237. Determine z(6).
-11
Let y(f) = -f**2 + 36*f - 157. What is y(5)?
-2
Let j(d) = 201*d + 2419. What is j(-12)?
7
Let l(x) = -x**3 - 29*x**2 + 139*x + 25. Calculate l(-33).
-206
Let p(g) = -g**3 + 16*g**2 - 38*g + 29. Determine p(13).
42
Let l(f) = -208*f + 1732. Give l(8).
68
Let g(l) = 213*l + 27038. What is g(-127)?
-13
Let d(c) = -c**3 - 15*c**2 - 33*c - 10. Calculate d(-2).
4
Let u(g) = -g**3 + 34*g**2 + g + 4. Determine u(0).
4
Let m(u) = -2*u**2 - 138*u - 37. Determine m(-67).
231
Let u(v) = -v**3 + 21*v**2 - 25*v + 25. Determine u(19).
272
Let c(y) = -76*y + 1899. What is c(25)?
-1
Let d(a) = a**2 + 184*a + 8463. Determine d(-91).
0
Let a(o) = 27*o**2 - 8*o - 4. What is a(1)?
15
Let q(u) = u**3 + 43*u**2 + 2*u + 107. Calculate q(-43).
21
Let d(q) = q**3 - 17*q**2 + 28*q + 2. Give d(15).
-28
Let t(m) = m**3 + 30*m + 102. Determine t(-3).
-15
Let d(g) = -3*g**2 - 42*g - 93. Determine d(-10).
27
Let y(o) = 2*o**3 - 16*o**2 + 11*o - 19. Determine y(7).
-40
Let z(s) = 58*s**3 - 9*s**2 - 5*s + 8. Give z(2).
426
Let z(t) = t**2 + 531*t - 3751. What is z(7)?
15
Let v(i) = -i**2 + 204*i - 5657. Calculate v(33).
-14
Let r(u) = u**2 + 90*u + 1908. Calculate r(-51).
-81
Let g(h) = 337*h + 4492. Determine g(-13).
111
Let v(c) = -2*c**3 + 16*c**2 - 49*c + 84. Determine v(6).
-66
Let x(p) = 5*p + 23. Determine x(-17).
-62
Let f(a) = 12*a**2 + 80*a - 15. Give f(0).
-15
Let o(u) = 7*u**3 + 228*u**2 + 133*u + 171. Give o(-32).
11
Let x(u) = -u**2 + 26*u + 32. Determine x(30).
-88
Let n(g) = -177*g + 155. Give n(-3).
686
Let t(i) = 101*i - 521. What is t(5)?
-16
Let a(d) = 204*d - 1608. Give a(8).
24
Let n(h) = 4*h**3 - 13*h**2 - 87*h + 99. Calculate n(1).
3
Let h(v) = v**3 - 255*v**2 - 2931*v + 1321. Determine h(266).
-9
Let j(o) = 2*o**3 + 149*o**2 + 622*o - 542. Give j(-70).
18
Let m(c) = -c**3 + 14*c**2 + 26*c - 97. What is m(13)?
410
Let h(p) = -p**2 - 9*p + 16. What is h(-12)?
-20
Let r(m) = -120*m + 1369. What is r(12)?
-71
Let q(k) = -17*k - 39. What is q(-7)?
80
Let u(i) = i**3 + 10*i**2 + 62*i - 40. Give u(-8).
-408
Let x(l) = -2*l**2 - 91*l - 115. Calculate x(-44).
17
Let t(s) = 5*s**3 + 83*s**2 - 38*s + 43. Calculate t(-17).
111
Let w(q) = 3*q**3 - 2*q**2 - 6. Calculate w(3).
57
Let o(g) = 3*g**3 - 36*g**2 - 5*g + 45. Calculate o(12).
-15
Let k(n) = n**3 - 2*n**2 + 136*n - 761. Give k(5).
-6
Let j(b) = b**3 - 8*b**2 - 483*b + 4243. Determine j(9).
-23
Let p(s) = 31*s**2 + 293*s + 291. What is p(-1)?
29
Let c(m) = 79*m + 1145. Determine c(-16).
-119
Let g(m) = -m**2 + 16*m - 64. Calculate g(12).
-16
Let s(h) = 2*h**2 - 211*h + 305. Calculate s(104).
-7
Let m(o) = -15*o - 96. What is m(-7)?
9
Let d(s) = -11*s**2 - 29*s + 56. Determine d(2).
-46
Let a(k) = -2*k**2 + 26*k + 87. What is a(13)?
87
Let f(l) = -4*l**2 + 65*l + 857. What is f(25)?
-18
Let d(k) = 8*k + 491. Determine d(-61).
3
Let v(r) = -18*r**2 - 98*r - 141. Give v(-2).
-17
Let m(o) = -19*o**3 - o - 3. What is m(-1)?
17
Let b(o) = o**2 - 37*o + 331. What is b(21)?
-5
Let s(d) = -2*d**3 - 296*d**2 - 322*d - 4106. Give s(-147).
10
Let s(r) = -r**2 - 11*r - 149. Calculate s(-20).
-329
Let u(q) = -q**3 + 21*q**2 - 6*q + 148. What is u(21)?
22
Let l(p) = p**3 - 16*p**2 - 1029*p - 85. Give l(-25).
15
Let k(o) = o**3 - 53*o**2 + 57*o - 668. Determine k(52).
-408
Let z(x) = x**3 - 3*x**2 + 18*x - 84. What is z(4)?
4
Let g(z) = -10*z**2 - 46*z - 216. Determine g(-5).
-236
Let o(f) = f**2 - 11*f - 59. What is o(16)?
21
Let i(c) = -34*c**3 + 4*c**2 - 31*c + 81. Determine i(3).
-894
Let m(u) = 7*u + 11. What is m(-1)?
4
Let y(l) = l - 36. Determine y(16).
-20
Let v(c) = -869*c + 16519. Calculate v(19).
8
Let y(v) = -20*v**3 + 6*v**2 + 23*v + 18. Calculate y(-1).
21
Let p(g) = 9*g**2 - 117*g - 2079. Give p(-10).
-9
Let p(a) = 165*a + 1941. Calculate p(-10).
291
Let u(c) = c**3 - 6*c**2 - 25*c. What is u(7)?
-126
Let m(d) = 2*d**2 + 64*d + 53. Determine m(-32).
53
Let u(m) = -m**3 - 30*m**2 - 122*m + 80. Determine u(-25).
5
Let p(r) = -r**2 + 127*r - 372. Determine p(124).
0
Let f(d) = 52*d + 285. Give f(-14).
-443
Let i(g) = -4*g**3 + 5*g**2 + 3*g + 39. Calculate i(6).
-627
Let b(l) = l**3 - 42*l**2 - 79*l - 388. Determine b(44).
8
Let p(k) = 4*k**2 + 46*k + 34. Give p(-17).
408
Let c(j) = -3*j**2 + 28*j + 55. Give c(-2).
-13
Let f(q) = -2*q**3 - 26*q**2 + 44*q + 149. Give f(-14).
-75
Let i(c) = c**2 + 19*c + 66. Calculate i(-18).
48
Let r(u) = -u**3 + 33*u**2 + 88*u + 3. What is r(-2)?
-33
Let d(z) = z**3 - 2*z**2 + 9*z - 9. Determine d(-5).
-229
Let m(h) = -8*h**2 - 60*h + 53. Calculate m(-9).
-55
Let s(j) = j**2 - 76*j + 1130. What is s(55)?
-25
Let l(x) = -2*x**3 + 30*x**2 + 67*x + 25. Determine l(17).
8
Let c(u) = -90*u - 945. Calculate c(-11).
45
Let r(u) = -u**3 + 11*u**2 + 143*u + 739. Give r(20).
-1
Let k(z) = -2*z**3 + 29*z**2 + 152*z - 1045. Calculate k(-7).
-2
Let s(q) = -q**2 - 697*q + 2800. What is s(4)?
-4
Let s(o) = o**2 - 95*o + 2151. Determine s(38).
-15
Let h(f) = -2*f**3 - 5*f**2 + 24*f - 46. Determine h(5).
-301
Let k(s) = 3*s**3 + 420*s**2 + 419*s + 192. Determine k(-139).
-86
Let w(p) = 2*p**3 + 170*p**2 - p - 84. What is w(-85)?
1
Let h(d) = -20*d**3 - d - 1. Calculate h(-3).
542
Let c(x) = -x**2 + 7*x + 41. Give c(7).
41
Let c(m) = 24*m**2 - 421*m + 1707. Calculate c(11).
-20
Let c(j) = j**3 - 12*j**2 + j + 196. Determine c(10).
6
Let h(n) = -146*n - 294. Give h(-2).
-2
Let o(v) = -v**3 - 6*v**2 - 24*v - 50. Calculate o(-4).
14
Let u(v) = 15*v**3 + 1361*v**2 - 366*v - 179. What is u(-91)?
3
Let c(v) = -20*v**2 - 272*v - 716. Calculate c(-10).
4
Let h(r) = -122*r - 23374. What is h(-192)?
50
Let x(y) = -y**3 + 3*y**2 - 5*y + 7. Calculate x(4).
-29
Let h(v) = -2*v**3 + v**2 + 35*v - 71. Calculate h(5).
-121
Let o(l) = -8*l**2 + 106*l - 200. Calculate o(12).
-80
Let o(x) = -x**3 - 58*x**2 + 42*x - 999. Calculate o(-59).
4
Let m(k) = -8*k + 40. What is m(8)?
-24
Let p(c) = -c**3 + 18*c**2 - 13*c - 33. Calculate p(17).
35
